divisor of 17446 and 1469.
13
Calculate the greatest common factor of 23562 and 1547.
119
Calculate the highest common factor of 601554 and 214.
214
Calculate the greatest common divisor of 916 and 20.
4
Calculate the highest common divisor of 18560 and 560.
80
What is the greatest common factor of 6590 and 130?
10
What is the greatest common factor of 1 and 462331?
1
What is the greatest common divisor of 5500 and 1760?
220
What is the greatest common factor of 2600 and 8710?
130
Calculate the highest common divisor of 1575 and 15400.
175
Calculate the highest common divisor of 157911 and 156.
39
Calculate the highest common divisor of 587363 and 343.
49
What is the greatest common factor of 281 and 51?
1
Calculate the greatest common factor of 3650 and 16950.
50
Calculate the greatest common divisor of 51877 and 7.
7
What is the greatest common factor of 35234 and 2528?
158
Calculate the highest common factor of 76 and 37639.
19
Calculate the highest common divisor of 725 and 6625.
25
Calculate the greatest common divisor of 4104 and 324.
108
Calculate the greatest common divisor of 24 and 57804.
12
What is the highest common factor of 12773208 and 168?
168
Calculate the greatest common factor of 381605 and 315.
35
What is the highest common factor of 257 and 361?
1
What is the greatest common divisor of 68 and 42500?
68
Calculate the greatest common divisor of 66 and 264902.
22
Calculate the highest common factor of 109144 and 728.
56
Calculate the highest common factor of 72954 and 28.
14
What is the greatest common divisor of 166 and 54?
2
Calculate the greatest common divisor of 63960 and 1536.
24
Calculate the highest common divisor of 53 and 758748.
53
Calculate the greatest common divisor of 1182 and 71708.
394
Calculate the greatest common divisor of 92 and 652.
4
What is the highest common factor of 2228 and 199963?
557
Calculate the highest common divisor of 76568 and 2815.
563
What is the greatest common factor of 739 and 93853?
739
Calculate the highest common divisor of 777 and 3286192.
259
What is the greatest common divisor of 261 and 36598?
29
What is the highest common divisor of 93 and 79329?
93
Calculate the highest common divisor of 141567 and 57.
3
Calculate the greatest common divisor of 340052 and 3020.
604
What is the greatest common divisor of 780 and 81276?
156
What is the greatest common factor of 128024 and 52?
52
Calculate the greatest common divisor of 236607 and 2793.
399
Calculate the greatest common factor of 58618 and 15582.
742
Calculate the highest common factor of 38720 and 68728.
968
Calculate the greatest common divisor of 1045 and 10.
5
Calculate the greatest common factor of 904 and 4640.
8
What is the highest common divisor of 84912 and 2320?
464
Calculate the highest common factor of 3681 and 409.
409
What is the greatest common divisor of 50 and 92825?
25
Calculate the greatest common divisor of 31499 and 3341.
13
Calculate the greatest common divisor of 269 and 932623.
269
Calculate the highest common divisor of 80 and 21370.
10
What is the highest common divisor of 1341216 and 16?
16
What is the greatest common divisor of 208950 and 140?
70
Calculate the greatest common divisor of 684 and 2419308.
684
Calculate the greatest common divisor of 266408 and 8.
8
What is the highest common divisor of 9472 and 366448?
592
Calculate the greatest common factor of 181909 and 1456.
91
What is the highest common divisor of 78 and 56745?
39
What is the greatest common divisor of 13802 and 1742?
134
What is the greatest common divisor of 85000 and 85?
85
What is the greatest common divisor of 32 and 2236464?
16
Calculate the greatest common factor of 1336 and 694052.
668
Calculate the highest common factor of 4075258 and 44.
22
Calculate the greatest common factor of 3 and 58319.
1
What is the highest common divisor of 3150 and 24381?
63
Calculate the highest common divisor of 4098 and 3436856.
1366
What is the greatest common factor of 2345 and 3745?
35
What is the highest common factor of 341 and 63953?
31
What is the highest common factor of 45576 and 1728?
216
Calculate the greatest common divisor of 198 and 821964.
66
Calculate the highest common divisor of 2640 and 4650.
30
Calculate the greatest common factor of 118 and 64546.
118
What is the greatest common factor of 26445 and 21525?
615
Calculate the highest common factor of 147608 and 400.
8
What is the greatest common divisor of 15918 and 27667?
379
Calculate the greatest common factor of 76 and 3932088.
76
What is the greatest common divisor of 1332 and 2808522?
666
Calculate the highest common divisor of 5160 and 2010.
30
Calculate the highest common divisor of 194 and 26869.
97
What is the highest common factor of 5478 and 195216?
498
Calculate the highest common divisor of 939729 and 42.
21
What is the greatest common factor of 1771242 and 44?
22
Calculate the highest common factor of 39162 and 428.
214
Calculate the greatest common divisor of 14678 and 1722.
82
What is the highest common factor of 254999 and 57?
19
Calculate the highest common factor of 11 and 597509.
11
What is the highest common factor of 63 and 17164?
7
Calculate the greatest common factor of 11 and 25124.
11
What is the highest common divisor of 49343 and 637?
49
What is the highest common factor of 8790 and 256961?
293
What is the greatest common factor of 98 and 52185?
49
What is the greatest common divisor of 3213 and 6902?
119
What is the greatest common divisor of 3577 and 7889?
49
What is the greatest common factor of 8280 and 270?
90
What is the greatest common divisor of 60 and 35844?
12
Calculate the greatest common factor of 18 and 252459.
9
Calculate the highest common divisor of 5369292 and 24.
12
What is the greatest common factor of 142714 and 1001?
143
Calculate the highest common factor of 42 and 221046.
42
What is the highest common divisor of 185472 and 651?
21
What is the highest common factor of 473512 and 1885?
377
Calculate the highest common factor of 11770 and 6848.
214
What is the greatest common divisor of 2599088 and 16?
16
What is the highest common factor of 15333 and 25251?
57
Calculate the greatest common divisor of 428 and 555116.
428
Calculate the highest common divisor of 222580 and 30.
10
Calculate the greatest common divisor of 132 and 422961.
33
What is the highest common divisor of 3904258 and 2?
2
What is the greatest common factor of 48285 and 228105?
1665
Calculate the highest common factor of 12616 and 152.
152
Calculate the greatest common divisor of 259 and 12187.
7
What is the greatest common factor of 60528 and 2?
2
Calculate the highest common factor of 4431 and 63.
21
What is the greatest common factor of 319 and 5203?
11
Calculate the greatest common divisor of 53443 and 273.
13
Calculate the greatest common divisor of 120460 and 380.
380
What is the greatest common factor of 220 and 294?
2
What is the greatest common factor of 554294 and 78?
26
Calculate the highest common divisor of 34290687 and 57.
57
Calculate the greatest common factor of 64898 and 4.
2
What is the highest common factor of 30503 and 2640?
11
What is the highest common divisor of 7180 and 188?
4
Calculate the highest common divisor of 15280 and 4880.
80
What is the highest common factor of 881 and 37?
1
Calculate the highest common factor of 114325 and 425.
425
Calculate the highest common factor of 786075 and 235.
235
Calculate the highest common divisor of 120582 and 4312.
154
Calculate the greatest common factor of 72 and 58788.
36
What is the highest common factor of 1038241 and 389?
389
What is the highest common factor of 93 and 601617?
93
What is the greatest common factor of 33972 and 152?
76
Calculate the greatest common divisor of 30625 and 50.
25
Calculate the greatest common divisor of 6182 and 3190.
22
What is the highest common factor of 44030 and 1360?
170
What is the highest common factor of 15 and 79305?
15
What is the highest common factor of 10 and 724210?
10
Calculate the greatest common factor of 29529 and 45.
9
What is the highest common factor of 9600 and 44900?
100
Calculate the greatest common divisor of 20376 and 16.
8
Calculate the highest common factor of 9924 and 402.
6
What is the greatest common divisor of 77 and 13739?